+ 0 + 4 - 2*s**2 - 3. Let v = -138 - -150. Suppose 72 = v*n + 6*n. Calculate l(n).
-8
Let d(y) = -y**2 - y + 2. Let i(g) = 2*g**2 - 9*g + 2. Suppose 17 = -5*k + 4*m, 14*k + 5*m - 18 = 17*k. Let q(c) = k*i(c) - d(c). What is q(9)?
5
Suppose -3*d + 0*d + 295 = -2*t, 2*d = 3*t + 190. Let k = d - 101. Let s(v) = v**3 + v**2 - 23. Calculate s(k).
-23
Let b(l) be the second derivative of l**5/20 + l**4/6 - 5*l**3/3 - 13*l**2 + 12797*l. Calculate b(-3).
-5
Let t = 38 - 40. Let o(j) = -20*j**2 + 23*j - 8. Let z(c) = -7*c**2 + 8*c - 3. Suppose -8*s = -3*s + 30. Let p(h) = s*o(h) + 17*z(h). Give p(t).
5
Let b(t) = t - 12. Let z be b(6). Let f(v) = -1646*v - 2 + 0*v**2 - v**3 - 9*v**2 + 826*v + 3*v**2 + 819*v. What is f(z)?
4
Let v = 40 - -4. Suppose -f = z + 3*f - 14, 4*z - 4*f + v = 0. Let k be 4 - 12 - (z - -5). Let x(b) = -b**3 - 7*b**2 + b + 3. What is x(k)?
-4
Let c(r) = -r**2 - 11*r - 6. Let p be ((-6)/10)/(186/30 + -6). Let w(z) = -z**2 + z + 5. Let s be w(p). What is c(s)?
22
Let i(p) = 11*p + 30. Let b(l) = 4*l + 11. Let s(f) = 8*b(f) - 3*i(f). Suppose -4*h - 216 = 2*h. Let n = h + 29. Give s(n).
5
Suppose -44*v - 50 = -314. Let u be (-518)/84 + 1/v. Let y(c) = 11*c - 27. Let g(h) = 4*h - 9. Let t(i) = 17*g(i) - 6*y(i). Determine t(u).
-3
Let y(n) be the second derivative of -n**3/6 + 2*n**2 - 31852*n. Let s(c) = -c**3 - 4*c**2 + 3*c - 7. Let z be s(-5). What is y(z)?
1
Let u(s) be the second derivative of s**3/2 + 5*s**2/2 + 18*s. Let h be u(-7). Let x = 15 + h. Let z(w) = 5*w**2 + w + 1. What is z(x)?
5
Let r be (-48)/(-4) - 1*(0 - -6). Let m(h) = 4*h - 20. Determine m(r).
4
Let z = -2956 - -2955. Let a = 7 - 5. Let w(g) = 3*g**a + 2*g - 3*g - 3*g**2 - 17*g**3. Determine w(z).
18
Let r(b) = b**2 + 9*b + 16. Let q be r(-9). Suppose -q*y + 157 = 61. Let w(m) = m**2 - 5*m - 3 - m + 0*m. What is w(y)?
-3
Let x(z) = -z**3 + 5*z**2 - 2*z - 5. Let n be x(4). Let t be (-920)/(-116) + 16/232. Let j(v) = 20*v - 4*v - t*v. Determine j(n).
24
Suppose 5*k - 65 = 5*g, -k + 4 = -3*k - 4*g. Let f be k/12*(-27)/3. Let y(b) = -b**2 - 5*b. Calculate y(f).
-6
Let c(u) = 352*u - 82*u - 64 - 102*u - 101*u - 100*u. Give c(-4).
68
Let b(g) = 4*g - 3. Let m(v) = -5*v + 7. Let o(f) = 4*b(f) + 3*m(f). Let z(w) = -3*w**2 + 11*w - 1. Let t be z(4). Calculate o(t).
4
Let i(g) = g**3 - 8*g**2 - 10*g + 13. Let a be i(9). Suppose 3*u - 3*z = -0*u - 9, z + 3 = a*u. Let v(r) = -10*r**2 + 3*r + 4 + 7*r**u + 4*r**2. What is v(-4)?
8
Let d(c) = -6 - 9*c**2 - 6*c + 9*c**2 - c**2. Let o = 26 - 21. Suppose o*y + 15 = -10. Calculate d(y).
-1
Let m(w) = -w**3 - w**2 + 2*w - 1. Let p(x) = x**3 + 5*x**2 + 6*x + 6. Let n(z) = 0*z - 2 - 4*z + 3*z + 1. Let g be n(3). Let a be p(g). What is m(a)?
-1
Let n(j) = -6*j - 58. Let f be n(-10). Suppose -4*r + f*y + 22 = r, -2*y = 3*r - 10. Let g(a) = -a + 7. What is g(r)?
3
Suppose -3*f - 8*x + 70 = -10*x, -4*x - 68 = -3*f. Let q(u) = -7*u - 88*u**2 + 30*u**2 + f*u**2 + 32*u**2. Let h = 4 + -9. Give q(h).
-15
Let x(h) = -h**3 - 2*h**2 + 2*h - 4. Suppose -2*c = 4*k + 2, 6*c - 62 = 4*k - 20. What is x(k)?
-1
Suppose -11*d + 18 + 4 = 0. Suppose -5*y + d = -3*r - 16, 0 = 2*y + 2*r - 4. Let p(c) = c**2 + 2*c + 4. Determine p(y).
19
Suppose -16*c + 10 + 22 = 0. Let f(n) = -6*n**c + 7 - 2 + 9*n**2 - 2*n**2 + 5*n. What is f(-4)?
1
Let s(o) be the first derivative of -o**3/3 + o**2 + o + 24538. Let n = 7 - 4. What is s(n)?
-2
Let a(c) = c**2 - 21*c - 56. Suppose -76 = -3*r - 18*n + 14*n, -4*r - 4*n = -100. Give a(r).
16
Suppose 11*h = 10*h. Let k(s) be the third derivative of -s**6/120 - s**3/2 - 9*s**2. Give k(h).
-3
Let g(q) = -4 + 1 - 6*q + 2. Let s(l) = 12*l + 13*l - 26*l. Let a(o) = g(o) - 5*s(o). Determine a(-4).
3
Let k(c) be the second derivative of -c**3/2 + 4*c**2 + 38*c. Let h(i) = 2*i - 6. Let b(r) = -5*h(r) - 4*k(r). Give b(4).
6
Let n(z) be the second derivative of 0 + 9*z - 6*z**2 - 1/6*z**3. Let m = 0 + 0. Give n(m).
-12
Let f(g) = -2*g**2 - 24*g + 50. Suppose 3*l - 38*s = -37*s - 39, -l + 2*s - 8 = 0. Determine f(l).
-6
Let u(i) = -36*i**2 - 41*i**2 + 278*i - 272*i + 1 + 73*i**2 + i**3 - 2*i**3. Calculate u(-6).
37
Suppose 2816*u - 66 = 2794*u. Let n(c) be the third derivative of 1/3*c**u + 0 - 1/60*c**5 - 7/24*c**4 - 33*c**2 + 0*c. What is n(-4)?
14
Let s be 2 + (19 - (52 - 27)). Let y(z) be the third derivative of -z**6/120 - z**5/10 - z**4/6 + 2*z**3/3 - z**2. Calculate y(s).
-12
Let g(r) = r**3 + 5*r**2 - 9*r - 16. Let o be g(-6). Let w(z) = -158*z - 168*z + 329*z + 3*z**o. Let q = -3 - -1. Give w(q).
6
Let j(m) = 12*m**2 - 190*m - 210. Let p(b) = -3*b**2 + 48*b + 54. Let q(y) = -3*j(y) - 11*p(y). Give q(15).
-9
Let d(c) = 2605*c**2 - 5213*c**2 + 2607*c**2 - 15*c + 97 + 4*c. What is d(6)?
-5
Let q(g) be the third derivative of -g**6/360 + g**5/8 + 3*g**4/8 + 61*g**3/6 + 4*g**2 - 9*g. Let o(m) be the first derivative of q(m). Give o(13).
35
Let t(m) = -m. Let s = 550 + -526. Let n be 160/s - (-32)/(-12). Give t(n).
-4
Let o(i) = -5*i - 9. Let x be o(-2). Suppose 0 = -r + 5 - x. Let m(a) = -a - r + 0 - 3 + 0*a. Calculate m(0).
-7
Suppose 0 = -11*b - 7*b + 90. Let p(l) = -l + 1. Let t(r) = -r**2 + 14. Let j(c) = -6*p(c) + t(c). Let k(n) = -1. Let g(q) = -j(q) - 6*k(q). What is g(b)?
-7
Suppose -i = 4*i + p + 1, 0 = 2*p + 2. Suppose 0 = -i*c - 8*c - 48. Let q(m) = -13*m + 7. Let n(j) = 11*j - 6. Let u(x) = c*n(x) - 5*q(x). What is u(1)?
0
Let m(c) = c**3 - 2*c**2 - 5*c + 3. Let p = -533 + 537. Let j be ((-4)/(-6))/((-4)/(-18)). Suppose -p = 4*y, 6 + 0 = 3*a + j*y. What is m(a)?
-3
Suppose -7778 = 107*z - 8420. Let t(u) = -u**2 - u - 4. Let c be t(0). Let v(o) = o. Let w(h) = -5*h + 6. Let n(b) = c*v(b) - w(b). Determine n(z).
0
Let i = 55 - 59. Let j be i/(0 + -2) - 0. Let c(f) = -6*f**j + 5*f**2 - 8*f - 4 + 1. Calculate c(-8).
-3
Let v be (24/(-20))/(45/(-2100)). Let d(m) = 10 - 58*m + v*m - 10 - 4. Determine d(-3).
2
Let f(m) = -2*m**2 + 215*m + 2857. Let r be f(-12). Let c be (-14)/(-8) - 2/(-8). Let v(b) = -2*b**2 + 5*b - 5 + 6*b + 3*b**c. Determine v(r).
-5
Let a(u) = -4*u. Let x = 26940 - 26937. Determine a(x).
-12
Let x(d) = 1 + 219*d + 212*d + 216*d - 649*d. Let v be 6/(72/20)*-6. Determine x(v).
21
Let w(c) = 66*c + 828. Let z(g) = 5*g + 69. Let r(d) = w(d) - 12*z(d). Let a = -3 - -2. Determine r(a).
-6
Let v = -74 + 90. Let d(j) = j**3 - 15*j**2 - 18*j + 35. Let t be d(v). Let x(o) = -26*o - 29*o + 8*o**2 + 53*o - o**2 - 7 + o**t. Calculate x(-7).
7
Let p(f) be the second derivative of -f**4/12 + 2*f**3/3 + 26*f. Let r = -620 + 623. Calculate p(r).
3
Let b(v) = v**2 - 6. Suppose 826*x = 831*x - 20, 3*z - 38 = -5*x. Determine b(z).
30
Let r(i) be the third derivative of 3*i**6/20 + i**5/60 - i**4/8 + i**3/2 - 335*i**2. Calculate r(1).
19
Let i(m) = m**3 + 8*m**2 - 2*m - 5. Suppose 2*x = -3*t - 27, -2*x - 30 = 4*t + 2. Give i(x).
79
Let p(d) be the first derivative of -d**3/3 - 3*d**2 + 3*d + 1667. Determine p(-5).
8
Let t(z) = -z**2 - 4*z + 5. Let u(r) be the second derivative of -5*r**3/6 + 3*r**2 - 37*r. Let o(b) = 6*t(b) - 5*u(b). Let q = 5 + -6. Give o(q).
-7
Let q(i) = -2*i**2 - 3*i - 8. Let k(b) = -b + 5 + 8 - 6 - 6. Let w(z) = 3*k(z) + q(z). Determine w(-4).
-13
Let x(z) be the third derivative of -z**5/60 - z**4/12 + z**3/3 - 2144*z**2 + 4. Let n = -7 - -3. Determine x(n).
-6
Let z(i) = -21*i - 64. Suppose -103*t = -41*t - 28*t + 102. Determine z(t).
-1
Let n(w) be the second derivative of -2/3*w**3 - 1/6*w**4 - 12*w - 2*w**2 + 0. Suppose -3*l - 6 = 0, -4*u = -6*u + l - 4. Calculate n(u).
-10
Let a(f) = f**2 + 3. Let l = -5925 - -5927. What is a(l)?
7
Let o(p) be the first derivative of -2*p**3/3 - 24*p**2 - 25*p - 247. Determine o(-23).
21
Suppose -62*f + 10 = -64*f. Let t be 39/(-6) + f/10. Let c(s) = -2*s + 2. Calculate c(t).
16
Let n(y) = 61*y**3 + 5*y - 24*y**3 - 14*y**3 - 8*y**2 - 13 - 22*y**3 + 9*y. What is n(6)?
-1
Suppose 4*n = -14 + 34. Let t(w) = -w**3 + 6*w - n*w - 53*w**2 + 46*w**2 + 6. Determine t(-7).
-1
Let n(j) = -14 + 14 - 13*j - 12*j. Suppose -6*m = 1206 - 1212. Calculate n(m).
-25
Let f(k) be the first derivative of k**2 + 16*k - 3396. Let o = -31 - -24. Calculate f(o).
2
Let a(u) be the third derivative of -u**4/24 - u**3/6 + 3*u**2. Let s(b) be the first derivative of b - 34. Let h(j) = -a(j) + s